hat is o(5)?
-3
Let t(v) = -102*v - 517. Determine t(-5).
-7
Let n(g) = 6*g - 93. Calculate n(15).
-3
Let v(g) = 7*g - 8. Determine v(5).
27
Let a(n) = n**2 + 25*n + 51. Determine a(-22).
-15
Let k(z) = -z**2 + 3*z - 2. What is k(3)?
-2
Let b(x) = -x**2 - 4*x + 2. Calculate b(-8).
-30
Let t(z) = z**3 - 6*z**2 - 6*z - 7. What is t(7)?
0
Let v(k) = 7*k + 22. Determine v(-5).
-13
Let w(s) = s**2 + 10*s - 24. Determine w(-15).
51
Let k(m) = -m**2 - 5*m + 119. What is k(9)?
-7
Let x(z) = z**2 + 6*z - 11. What is x(-8)?
5
Let y(d) = -d**2 - 5*d + 8. Determine y(-7).
-6
Let g(h) = 16*h - 52. Calculate g(9).
92
Let x(m) = -19*m + 530. What is x(28)?
-2
Let l(i) = i**2 + 6*i - 21. Determine l(-8).
-5
Let c(x) = 15*x + 77. Calculate c(-4).
17
Let r(t) = 2*t. What is r(-9)?
-18
Let d(u) = -u**2 - 30*u - 96. What is d(-6)?
48
Let k(u) = 2*u**3 - 4. Determine k(3).
50
Let d(m) = m**2 - 7*m - 7. Calculate d(6).
-13
Let o(a) = -a**2 + 7*a + 20. Give o(10).
-10
Let a(o) = o**3 - 10*o**2 - 13*o - 8. Give a(11).
-30
Let s(j) = -j**3 + 17*j**2 + 39*j - 21. Determine s(19).
-2
Let i(o) = -o + 7. What is i(-3)?
10
Let x(w) = 17*w - 88. Calculate x(7).
31
Let q(p) = 3*p + 24. What is q(-7)?
3
Let g(i) = 3*i + 27. Give g(-7).
6
Let k(q) = q**3 + 8*q**2 + 2*q + 9. Give k(-8).
-7
Let x(q) = q**3 + 15*q**2 - 2*q - 3. What is x(-15)?
27
Let w(u) = -u**3 - 4*u**2 + 6*u - 4. Calculate w(-6).
32
Let p(i) = i**2 - 2*i - 27. Determine p(-3).
-12
Let i(q) = -q**3 - 2*q**2 + 4*q - 6. Determine i(-5).
49
Let a(h) = h**3 + 5*h**2 - 6*h - 1. What is a(-5)?
29
Let n(c) = 76*c - 144. What is n(2)?
8
Let j(x) = x**2 - 18*x - 24. Calculate j(20).
16
Let g(n) = n + 11. Give g(0).
11
Let l(d) = -d**2 + 28*d + 29. Give l(29).
0
Let a(x) = x**3 + 9*x**2 + 14*x + 8. Calculate a(-7).
8
Let m(d) = -d**3 + 8*d**2 - 9*d - 7. Determine m(7).
-21
Let m(x) = 24*x + 4. What is m(-1)?
-20
Let a(v) = v**2 - 4*v - 5. What is a(5)?
0
Let m(r) = r**3 - 12*r**2 - 4*r + 51. Calculate m(12).
3
Let k(n) = n + 2. Calculate k(14).
16
Let k(j) = -5*j + 1. What is k(-7)?
36
Let a(r) = 2*r**3 - 2*r - 14. Determine a(0).
-14
Let q(f) = f**2 - 3*f - 5. Determine q(-2).
5
Let h(d) = d**3 - 20*d**2 + 49*d + 8. Give h(17).
-26
Let y(x) = -8*x - 17. Determine y(-3).
7
Let b(g) = 10*g + 65. Calculate b(-7).
-5
Let o(r) = -3*r**3 - 2*r + 3. What is o(2)?
-25
Let j(r) = 53*r + 117. What is j(-2)?
11
Let b(n) = 33*n - 148. What is b(3)?
-49
Let s(m) = 25*m**2 + 7*m. Give s(-2).
86
Let o(p) = -24*p + 3. What is o(-2)?
51
Let d(r) = 8*r - 281. What is d(37)?
15
Let o(i) = 13*i**2 - 2*i - 1. Calculate o(-1).
14
Let z(p) = p**2 - 11*p + 2. Give z(10).
-8
Let m(x) = -x**2 + x + 2. What is m(3)?
-4
Let x(r) = 7*r - 96. What is x(17)?
23
Let h(r) = r**3 - 3*r**2 - 7*r + 6. Determine h(5).
21
Let z(s) = -s**3 + 7*s**2 + 15*s + 2. Give z(-2).
8
Let p(a) = -20*a. What is p(1)?
-20
Let i(p) = 46*p. What is i(1)?
46
Let f(g) = 4*g - 133. Give f(34).
3
Let q(r) = 8*r**2 - 2*r + 2. What is q(-3)?
80
Let w(i) = i**2 + 12*i - 1. Give w(-13).
12
Let p(i) = i**2 - 12*i + 7. Calculate p(13).
20
Let x(a) = -5*a + 104. Give x(21).
-1
Let d(i) = -94*i**3 - i**2 - 2*i - 1. What is d(-1)?
94
Let j(x) = x**2 - 35*x + 129. Give j(31).
5
Let i(l) = l**3 + 6*l**2 - 9*l + 8. Determine i(-6).
62
Let g(i) = 3*i**2 + 3*i - 1. Calculate g(2).
17
Let h(f) = -f**3 - 11*f**2 - 9*f. Determine h(-10).
-10
Let l(j) = j**2 + 2*j - 5. Calculate l(6).
43
Let w(f) = -f**3 - 3*f**2 + 3. What is w(-4)?
19
Let p(u) = -6*u + 10. Calculate p(-9).
64
Let z(k) = -k**3 + k**2 - 4*k + 2. Calculate z(-4).
98
Let h(k) = k**2 - 17*k + 7. Calculate h(16).
-9
Let j(v) = v**3 - 10*v**2 - 41*v + 37. Determine j(13).
11
Let n(o) = 2*o**2 - o + 2. Give n(1).
3
Let r(d) = d**3 + 10*d**2 + 10*d - 2. Determine r(-9).
-11
Let z(p) = p**3 - p**2 - 4*p + 6. What is z(4)?
38
Let d(s) = s**3 - 9*s**2 + s - 15. Determine d(9).
-6
Let b(s) = s**2 - 15*s + 7. Determine b(14).
-7
Let m(p) = -p**2 + 18*p - 54. Determine m(4).
2
Let k(t) = t. Calculate k(6).
6
Let d(n) = 18*n + 399. Give d(-22).
3
Let y(t) = 3*t**2 - 2*t - 2. Determine y(3).
19
Let v(p) = -13*p**2 - 2*p + 1. Give v(-2).
-47
Let j(g) = -g**3 - 11*g**2 + 10*g - 36. Calculate j(-12).
-12
Let f(m) = 4*m**3 - 2*m**2 - 5*m - 4. Calculate f(-1).
-5
Let b(z) = z**3 + z**2 - 3. Determine b(0).
-3
Let z(x) = 54*x - 265. Give z(5).
5
Let f(x) = -x**3 - 17*x**2 - 24*x - 123. Give f(-16).
5
Let n(w) = 3*w + 7. Determine n(5).
22
Let g(p) = -2*p + 1. Determine g(-2).
5
Let t(p) = -p**2 - 37*p - 251. Give t(-28).
1
Let v(d) = -3*d**2 - 12*d - 37. Give v(-4).
-37
Let i(h) = -h**2 + 5*h - 3. Give i(3).
3
Let j(h) = 17*h - 22. What is j(3)?
29
Let y(x) = x**3 + x**2 + 2. Give y(2).
14
Let a(t) = -t + 14. What is a(9)?
5
Let r(j) = 2*j - 3. Give r(-2).
-7
Let f(v) = 2*v - 21. Give f(16).
11
Let b(u) = u**2 - 33*u + 26. What is b(32)?
-6
Let u(j) = -8*j - 18. Calculate u(4).
-50
Let l(b) = b**3 - 30*b**2 + b - 37. What is l(30)?
-7
Let j(u) = -2*u**3 + 59*u**2 + 30*u + 6. Determine j(30).
6
Let b(w) = w**2 - 24*w - 162. Determine b(29).
-17
Let w(y) = 2*y - 5. Calculate w(4).
3
Let v(i) = -i**3 + 4*i**2 + i - 4. Determine v(5).
-24
Let q(x) = x**3 + x + 42. Determine q(0).
42
Let j(a) = 6*a + 12. What is j(-1)?
6
Let t(l) = l**3 + 9*l**2 - 5*l - 12. Calculate t(-10).
-62
Let u(p) = -24*p + 262. Determine u(11).
-2
Let v(h) = -9*h + 295. Calculate v(32).
7
Let x(f) = f**3 - 6*f**2 - f + 22. Calculate x(3).
-8
Let v(o) = -o**2 - 12*o + 1. Determine v(-10).
21
Let d(w) = 9*w - 25. What is d(3)?
2
Let c(g) = -4*g - 9. Calculate c(-11).
35
Let y(q) = -q**2 + 2*q - 21. Determine y(0).
-21
Let g(m) = 11*m + 38. What is g(-4)?
-6
Let z(p) = p**3 + p**2 + 16*p + 5. Calculate z(0).
5
Let u(q) = q**3 + 5*q**2 + q - 4. Calculate u(-4).
8
Let y(v) = 13*v - 62. Determine y(5).
3
Let g(m) = 9*m - 106. Calculate g(7).
-43
Let u(b) = -3*b**2 + b. Calculate u(-4).
-52
Let m(b) = -6*b - 3. Calculate m(0).
-3
Let x(z) = 9*z + 21. Calculate x(5).
66
Let d(t) = -2*t - 50. Determine d(-31).
12
Let z(h) = -h**2 - 16*h - 14. Determine z(-14).
14
Let p(n) = 9*n + 134. Calculate p(-15).
-1
Let m(k) = -k**3 - 6*k**2 - 14*k + 6. Determine m(-6).
90
Let u(w) = w**3 + 8*w**2 + 4*w - 9. Calculate u(-7).
12
Let s(p) = -3*p**2 + 12*p + 70. What is s(-4)?
-26
Let b(j) = 10*j - 138. What is b(8)?
-58
Let h(t) = t**2 - 10*t + 11. Determine h(7).
-10
Let y(g) = g - 5. Calculate y(-4).
-9
Let l(h) = h**2 - 3*h - 3. Determine l(7).
25
Let i(g) = -2*g**2 + 6*g + 20. Give i(-3).
-16
Let y(s) = 3*s**2 - 16*s. Calculate y(5).
-5
Let u(c) = -c**2 - 38*c - 194. Calculate u(-6).
-2
Let z(a) = 15*a + 1. Calculate z(-1).
-14
Let n(y) = 8*y**3 - 2*y - 1. Calculate n(-1).
-7
Let n(v) = -v**2 + 62*v - 126. Determine n(60).
-6
Let z(s) = -15*s - 241. Calculate z(-15).
-16
Let u(c) = -c**2 - 28*c - 181. Give u(-19).
-10
Let b(x) = -13*x + 6. Determine b(2).
-20
Let u(a) = -4*a - 19. Give u(-4).
-3
Let m(c) = c**3 + 8*c**2 - 18*c - 150. Calculate m(-8).
-6
Let f(y) = y**2 + 15*y - 11. What is f(-16)?
5
Let v(t) = -3*t. Calculate v(0).
0
Let b(t) = t**2 - 18*t + 71. Determine b(13).
6
Let i(p) = p**2 + 2*p + 2. Determine i(-7).
37
Let u(z) = z**2 - 12*z + 18. Give u(10).
-2
Let p(o) = -o**2 + 12*o + 42. Calculate p(18).
-66
Let w(b) = 7*b**2. What is w(-1)?
7
Let i(m) = -5*m**2 + 78*m - 78. What is i(1)?
-5
Let d(f) = 6*f - 15. Calculate d(-8).
-63
Let s(t) = -t**3 - 24*t**2 - 42*t + 22. Give s(-22).
-22
Let b(r) = 5*r + 107. Give b(-15).
32
Let f(c) = c**2 + 13*c - 18. Give f(-13).
-18
Let g(f) = 8*f + 6. What is g(-5)?
-34
Let x(k) = -17*k**2 + 8*k - 8. What is x(4)?
-248
Let w(q) = q**2 + q - 13. Determine w(-5).
7
Let f(r) = -r**3 + 3*r**2 - 2*r + 7. Determine f(3).
1
Let o(k) = -k**3 - 11*k**2 - 2*k + 3. Give o(-11).
25
Let f(z) = -2*z + 11. Determine f(4).
3
Let n(c) = 2*c**2 - 6*c + 2. Give n(4).
10
Let m(v) = 3*v**3 - v**2. Calculate m(-1).
-4
Let k(j) = j**3 - 9*j**2 + j - 4. Give k(9).
5
Let y(m) = -m**3 + 5*m**2 + m - 6. Give y(5).
-1
Let n(w) = -9*w + 25. What is n(5)?
-20
Let u(n) = 3*n + 40. Calculate u(-8).
16
Let m(p) = -p**3 - 9*p**2 + 10*p - 7. Determine m(-10).
-7
Let n(k) = -10*k**3 + 2*k**2 - 3*k + 2. Calculate n(1).
-9
Let g(m) = -m**2 - 6*m + 13. Calculate g(-11).
-42
Let c